{"id":32,"date":"2024-08-01T14:55:24","date_gmt":"2024-08-01T12:55:24","guid":{"rendered":"https:\/\/splelkowo.pl\/wordpress\/?page_id=32"},"modified":"2024-12-11T21:12:07","modified_gmt":"2024-12-11T20:12:07","slug":"konsultacje","status":"publish","type":"page","link":"https:\/\/splelkowo.pl\/wordpress\/konsultacje\/","title":{"rendered":"Konsultacje"},"content":{"rendered":"\t\t<div data-elementor-type=\"wp-page\" data-elementor-id=\"32\" class=\"elementor elementor-32\">\n\t\t\t\t<div class=\"elementor-element elementor-element-05184eb e-flex e-con-boxed wpr-particle-no wpr-jarallax-no wpr-parallax-no wpr-sticky-section-no wpr-equal-height-no e-con e-parent\" data-id=\"05184eb\" data-element_type=\"container\" data-e-type=\"container\">\n\t\t\t\t\t<div class=\"e-con-inner\">\n\t\t\t\t<div class=\"elementor-element elementor-element-0008b91 elementor-widget elementor-widget-text-editor\" data-id=\"0008b91\" data-element_type=\"widget\" data-e-type=\"widget\" data-widget_type=\"text-editor.default\">\n\t\t\t\t<div class=\"elementor-widget-container\">\n\t\t\t\t\t\t\t\t\t<h4 style=\"text-align: center;\"><strong><u>GODZINY KONSULTACJI NAUCZYCIELI W ROKU SZKOLNYM 2024\/2025<\/u><\/strong>\u00a0<\/h4><table width=\"633\"><tbody><tr><td width=\"293\"><p style=\"text-align: center;\"><strong>Imi\u0119 i nazwisko nauczyciela<\/strong>\u00a0<\/p><\/td><td width=\"340\"><p style=\"text-align: center;\"><strong>Termin konsultacji<\/strong>\u00a0<strong>( dzie\u0144\/godz.\/sala)<\/strong>\u00a0<\/p><\/td><\/tr><tr><td width=\"293\"><p><strong>Turczyn<\/strong>\u00a0<strong>Bo\u017cena<\/strong><\/p><\/td><td width=\"340\"><p><strong>Poniedzia\u0142ek 9:00- 10:00 <\/strong><\/p><\/td><\/tr><tr><td width=\"293\"><p><strong>Andrejuk Klufas Anna <\/strong><\/p><\/td><td width=\"340\"><p><strong>\u015aroda 11:00-12:00 \u015bwietlica<\/strong><\/p><\/td><\/tr><tr><td width=\"293\"><p><strong>Chojecka Iwona<\/strong><\/p><\/td><td width=\"340\"><p><strong>\u015aroda 13:00-14:00-sala OP<\/strong><\/p><\/td><\/tr><tr><td width=\"293\"><p><strong>Czapli\u0144ska Jolanta\u00a0<\/strong><\/p><\/td><td width=\"340\"><p><strong>Poniedzia\u0142ek od 14:00- 15:00- sala 10 B<\/strong><\/p><\/td><\/tr><tr><td width=\"293\"><p><strong>Dworak\u00a0Stanis\u0142aw\u00a0<\/strong><\/p><\/td><td width=\"340\"><p><strong>\u015aroda 9:00- 9:55 sala gimn. <\/strong><\/p><\/td><\/tr><tr><td width=\"293\"><p><strong>Edyta Kanclerz Szulc\u00a0\u00a0<\/strong><\/p><\/td><td width=\"340\"><p><strong>Wtorek 10:10- 10:40 pok.naucz. A<\/strong><\/p><\/td><\/tr><tr><td width=\"293\"><p><strong>Gacka\u00a0 Anna<\/strong><\/p><\/td><td width=\"340\"><p><strong>\u015aroda 14:35- 15:35 sala 10 A<\/strong><\/p><\/td><\/tr><tr><td width=\"293\"><p><strong>Kaniecka- Bia\u0142kowska\u00a0Lucyna\u00a0<\/strong><\/p><\/td><td width=\"340\"><p><strong>Wtorek 12:00- 13:00 sala 8 A<\/strong><\/p><\/td><\/tr><tr><td width=\"293\"><p><strong>Karczewska\u00a0Ewa\u00a0<\/strong><\/p><\/td><td width=\"340\"><p><strong>Wtorek 9:00- 9:55 sala 5 A<\/strong><\/p><\/td><\/tr><tr><td width=\"293\"><p><strong>Kieba\u0142o\u00a0Marek\u00a0<\/strong><\/p><\/td><td width=\"340\"><p><strong>\u015aroda 13:45- 14:45 sala. gimn. <\/strong><\/p><\/td><\/tr><tr><td width=\"293\"><p><strong>Ks. Nurczyk\u00a0Robert<\/strong><\/p><\/td><td width=\"340\"><p><strong>Pi\u0105tek 9:10- 9:40 pok.naucz. A<\/strong><\/p><\/td><\/tr><tr><td width=\"293\"><p><strong>Ozimkowska\u00a0 Justyna<\/strong><\/p><\/td><td width=\"340\"><p><strong>\u015aroda 13:00-14:00\u00a0 PP <\/strong><\/p><\/td><\/tr><tr><td width=\"293\"><p><strong>Ks. Roszy\u0144ski\u00a0Pawe\u0142\u00a0<\/strong><\/p><\/td><td width=\"340\"><p><strong>Wtorek 9:30- 10:00 sala gimn.<\/strong><\/p><\/td><\/tr><tr><td width=\"293\"><p><strong>Rubacha Bo\u017cena <\/strong><\/p><\/td><td width=\"340\"><p><strong>Poniedzia\u0142ek 13:00- 14:00 sala 9 A<\/strong><\/p><\/td><\/tr><tr><td width=\"293\"><p><strong>Rutkowska\u00a0Anna<\/strong><\/p><\/td><td width=\"340\"><p><strong>\u015aroda 10:00- 10:55 sala 9 B<\/strong><\/p><\/td><\/tr><tr><td width=\"293\"><p><strong>Sidor\u00a0Agnieszka<\/strong><\/p><\/td><td width=\"340\"><p><strong>\u015aroda 13:45- 14:5 sala 2 A<\/strong><\/p><\/td><\/tr><tr><td width=\"293\"><p><strong>Trzebi\u0144ska\u00a0Joanna<\/strong><\/p><\/td><td width=\"340\"><p><strong>Czwartek 12:00- 13:00 gab. pedagoga A<\/strong><\/p><\/td><\/tr><tr><td width=\"293\"><p><strong>Urawska\u00a0Anna<\/strong><\/p><\/td><td width=\"340\"><p><strong>Czwartek godz.14:00-15:00 sala 3A<\/strong><\/p><\/td><\/tr><tr><td width=\"293\"><p><strong>Waszczeniuk \u2013 Sroka Magdalena\u00a0<\/strong><\/p><\/td><td width=\"340\"><p><strong>Wtorek 8:00-9:00 sala 12B<\/strong><\/p><\/td><\/tr><tr><td width=\"293\"><p><strong>Wieczorek Dorota\u00a0<\/strong><\/p><\/td><td width=\"340\"><p><strong>Poniedzia\u0142ek 8:00-8:30 biblioteka<\/strong><\/p><\/td><\/tr><tr><td width=\"293\"><p><strong>Ks. Yevhen Havrylyshyn <\/strong><\/p><\/td><td width=\"340\"><p><strong>\u00a0Pi\u0105tek 14:35- 15:05 pok. naucz. A<\/strong><\/p><\/td><\/tr><\/tbody><\/table><p>PRO\u015aBA- PROSZ\u0118 O WCZE\u015aNIEJSZE UMAWIANIE SI\u0118 Z NAUCZYCIELEM (np. PRZEZ SEKRETARIAT, DZIENNIK)- NAUCZYCIEL W DNIU KONSULTACJI MO\u017bE BY\u0106 NIEOBECNY W PRACY LUB WYKONYWA\u0106 INNE ZADANIA (NP. ZAST\u0118PSTWO).<\/p><p>Zostanie wtedy ustalony inny termin konsultacji\u00a0<\/p>\t\t\t\t\t\t\t\t<\/div>\n\t\t\t\t<\/div>\n\t\t\t\t\t<\/div>\n\t\t\t\t<\/div>\n\t\t\t\t<\/div>\n\t\t","protected":false},"excerpt":{"rendered":"<p>GODZINY KONSULTACJI NAUCZYCIELI W ROKU SZKOLNYM 2024\/2025\u00a0 Imi\u0119 i nazwisko nauczyciela\u00a0 Termin konsultacji\u00a0( dzie\u0144\/godz.\/sala)\u00a0 Turczyn\u00a0Bo\u017cena Poniedzia\u0142ek 9:00- 10:00 Andrejuk Klufas Anna \u015aroda 11:00-12:00 \u015bwietlica Chojecka Iwona \u015aroda 13:00-14:00-sala OP Czapli\u0144ska Jolanta\u00a0 Poniedzia\u0142ek od 14:00- 15:00- sala 10 B Dworak\u00a0Stanis\u0142aw\u00a0 \u015aroda 9:00- 9:55 sala gimn. Edyta Kanclerz Szulc\u00a0\u00a0 Wtorek 10:10- 10:40 pok.naucz. A Gacka\u00a0 Anna \u015aroda 14:35- 15:35 sala 10 A Kaniecka- Bia\u0142kowska\u00a0Lucyna\u00a0 Wtorek 12:00- 13:00 sala 8 A Karczewska\u00a0Ewa\u00a0 Wtorek 9:00- 9:55 sala 5 A Kieba\u0142o\u00a0Marek\u00a0 \u015aroda 13:45- 14:45 sala. gimn. Ks. Nurczyk\u00a0Robert Pi\u0105tek 9:10- 9:40 pok.naucz. A Ozimkowska\u00a0 Justyna \u015aroda 13:00-14:00\u00a0 PP Ks. Roszy\u0144ski\u00a0Pawe\u0142\u00a0 Wtorek 9:30- 10:00 sala gimn. Rubacha Bo\u017cena Poniedzia\u0142ek 13:00- 14:00 sala 9 A Rutkowska\u00a0Anna \u015aroda 10:00- 10:55 sala 9 B Sidor\u00a0Agnieszka \u015aroda 13:45- 14:5 sala 2 A Trzebi\u0144ska\u00a0Joanna Czwartek 12:00- 13:00 gab. pedagoga A Urawska\u00a0Anna Czwartek godz.14:00-15:00 sala 3A Waszczeniuk \u2013 Sroka Magdalena\u00a0 Wtorek 8:00-9:00 sala 12B Wieczorek Dorota\u00a0 Poniedzia\u0142ek 8:00-8:30 biblioteka Ks. Yevhen Havrylyshyn \u00a0Pi\u0105tek 14:35- 15:05 pok. naucz. A PRO\u015aBA- PROSZ\u0118 O WCZE\u015aNIEJSZE UMAWIANIE SI\u0118 Z NAUCZYCIELEM (np. PRZEZ SEKRETARIAT, DZIENNIK)- NAUCZYCIEL W DNIU KONSULTACJI MO\u017bE BY\u0106 NIEOBECNY W PRACY LUB WYKONYWA\u0106 INNE ZADANIA (NP. ZAST\u0118PSTWO). Zostanie wtedy ustalony inny termin konsultacji\u00a0<\/p>\n","protected":false},"author":1,"featured_media":0,"parent":0,"menu_order":0,"comment_status":"closed","ping_status":"closed","template":"","meta":{"site-sidebar-layout":"no-sidebar","site-content-layout":"","ast-site-content-layout":"full-width-container","site-content-style":"default","site-sidebar-style":"default","ast-global-header-display":"","ast-banner-title-visibility":"","ast-main-header-display":"","ast-hfb-above-header-display":"","ast-hfb-below-header-display":"","ast-hfb-mobile-header-display":"","site-post-title":"disabled","ast-breadcrumbs-content":"","ast-featured-img":"disabled","footer-sml-layout":"","ast-disable-related-posts":"","theme-transparent-header-meta":"","adv-header-id-meta":"","stick-header-meta":"","header-above-stick-meta":"","header-main-stick-meta":"","header-below-stick-meta":"","astra-migrate-meta-layouts":"default","ast-page-background-enabled":"default","ast-page-background-meta":{"desktop":{"background-color":"var(--ast-global-color-4)","background-image":"","background-repeat":"repeat","background-position":"center center","background-size":"auto","background-attachment":"scroll","background-type":"","background-media":"","overlay-type":"","overlay-color":"","overlay-opacity":"","overlay-gradient":""},"tablet":{"background-color":"","background-image":"","background-repeat":"repeat","background-position":"center center","background-size":"auto","background-attachment":"scroll","background-type":"","background-media":"","overlay-type":"","overlay-color":"","overlay-opacity":"","overlay-gradient":""},"mobile":{"background-color":"","background-image":"","background-repeat":"repeat","background-position":"center center","background-size":"auto","background-attachment":"scroll","background-type":"","background-media":"","overlay-type":"","overlay-color":"","overlay-opacity":"","overlay-gradient":""}},"ast-content-background-meta":{"desktop":{"background-color":"var(--ast-global-color-5)","background-image":"","background-repeat":"repeat","background-position":"center center","background-size":"auto","background-attachment":"scroll","background-type":"","background-media":"","overlay-type":"","overlay-color":"","overlay-opacity":"","overlay-gradient":""},"tablet":{"background-color":"var(--ast-global-color-5)","background-image":"","background-repeat":"repeat","background-position":"center center","background-size":"auto","background-attachment":"scroll","background-type":"","background-media":"","overlay-type":"","overlay-color":"","overlay-opacity":"","overlay-gradient":""},"mobile":{"background-color":"var(--ast-global-color-5)","background-image":"","background-repeat":"repeat","background-position":"center center","background-size":"auto","background-attachment":"scroll","background-type":"","background-media":"","overlay-type":"","overlay-color":"","overlay-opacity":"","overlay-gradient":""}},"footnotes":""},"class_list":["post-32","page","type-page","status-publish","hentry"],"_links":{"self":[{"href":"https:\/\/splelkowo.pl\/wordpress\/wp-json\/wp\/v2\/pages\/32","targetHints":{"allow":["GET"]}}],"collection":[{"href":"https:\/\/splelkowo.pl\/wordpress\/wp-json\/wp\/v2\/pages"}],"about":[{"href":"https:\/\/splelkowo.pl\/wordpress\/wp-json\/wp\/v2\/types\/page"}],"author":[{"embeddable":true,"href":"https:\/\/splelkowo.pl\/wordpress\/wp-json\/wp\/v2\/users\/1"}],"replies":[{"embeddable":true,"href":"https:\/\/splelkowo.pl\/wordpress\/wp-json\/wp\/v2\/comments?post=32"}],"version-history":[{"count":7,"href":"https:\/\/splelkowo.pl\/wordpress\/wp-json\/wp\/v2\/pages\/32\/revisions"}],"predecessor-version":[{"id":512,"href":"https:\/\/splelkowo.pl\/wordpress\/wp-json\/wp\/v2\/pages\/32\/revisions\/512"}],"wp:attachment":[{"href":"https:\/\/splelkowo.pl\/wordpress\/wp-json\/wp\/v2\/media?parent=32"}],"curies":[{"name":"wp","href":"https:\/\/api.w.org\/{rel}","templated":true}]}}

<div data-elementor-type="wp-page" data-elementor-id="32" class="elementor elementor-32">
				<div class="elementor-element elementor-element-05184eb e-flex e-con-boxed wpr-particle-no wpr-jarallax-no wpr-parallax-no wpr-sticky-section-no wpr-equal-height-no e-con e-parent" data-id="05184eb" data-element_type="container" data-e-type="container">
					<div class="e-con-inner">
				<div class="elementor-element elementor-element-0008b91 elementor-widget elementor-widget-text-editor" data-id="0008b91" data-element_type="widget" data-e-type="widget" data-widget_type="text-editor.default">
				<div class="elementor-widget-container">
									<h4 style="text-align: center;"><strong><u>GODZINY KONSULTACJI NAUCZYCIELI W ROKU SZKOLNYM 2024/2025</u></strong> </h4><table width="633"><tbody><tr><td width="293"><p style="text-align: center;"><strong>Imię i nazwisko nauczyciela</strong> </p></td><td width="340"><p style="text-align: center;"><strong>Termin konsultacji</strong> <strong>( dzień/godz./sala)</strong> </p></td></tr><tr><td width="293"><p><strong>Turczyn</strong> <strong>Bożena</strong></p></td><td width="340"><p><strong>Poniedziałek 9:00- 10:00 </strong></p></td></tr><tr><td width="293"><p><strong>Andrejuk Klufas Anna </strong></p></td><td width="340"><p><strong>Środa 11:00-12:00 świetlica</strong></p></td></tr><tr><td width="293"><p><strong>Chojecka Iwona</strong></p></td><td width="340"><p><strong>Środa 13:00-14:00-sala OP</strong></p></td></tr><tr><td width="293"><p><strong>Czaplińska Jolanta </strong></p></td><td width="340"><p><strong>Poniedziałek od 14:00- 15:00- sala 10 B</strong></p></td></tr><tr><td width="293"><p><strong>Dworak Stanisław </strong></p></td><td width="340"><p><strong>Środa 9:00- 9:55 sala gimn. </strong></p></td></tr><tr><td width="293"><p><strong>Edyta Kanclerz Szulc  </strong></p></td><td width="340"><p><strong>Wtorek 10:10- 10:40 pok.naucz. A</strong></p></td></tr><tr><td width="293"><p><strong>Gacka  Anna</strong></p></td><td width="340"><p><strong>Środa 14:35- 15:35 sala 10 A</strong></p></td></tr><tr><td width="293"><p><strong>Kaniecka- Białkowska Lucyna </strong></p></td><td width="340"><p><strong>Wtorek 12:00- 13:00 sala 8 A</strong></p></td></tr><tr><td width="293"><p><strong>Karczewska Ewa </strong></p></td><td width="340"><p><strong>Wtorek 9:00- 9:55 sala 5 A</strong></p></td></tr><tr><td width="293"><p><strong>Kiebało Marek </strong></p></td><td width="340"><p><strong>Środa 13:45- 14:45 sala. gimn. </strong></p></td></tr><tr><td width="293"><p><strong>Ks. Nurczyk Robert</strong></p></td><td width="340"><p><strong>Piątek 9:10- 9:40 pok.naucz. A</strong></p></td></tr><tr><td width="293"><p><strong>Ozimkowska  Justyna</strong></p></td><td width="340"><p><strong>Środa 13:00-14:00  PP </strong></p></td></tr><tr><td width="293"><p><strong>Ks. Roszyński Paweł </strong></p></td><td width="340"><p><strong>Wtorek 9:30- 10:00 sala gimn.</strong></p></td></tr><tr><td width="293"><p><strong>Rubacha Bożena </strong></p></td><td width="340"><p><strong>Poniedziałek 13:00- 14:00 sala 9 A</strong></p></td></tr><tr><td width="293"><p><strong>Rutkowska Anna</strong></p></td><td width="340"><p><strong>Środa 10:00- 10:55 sala 9 B</strong></p></td></tr><tr><td width="293"><p><strong>Sidor Agnieszka</strong></p></td><td width="340"><p><strong>Środa 13:45- 14:5 sala 2 A</strong></p></td></tr><tr><td width="293"><p><strong>Trzebińska Joanna</strong></p></td><td width="340"><p><strong>Czwartek 12:00- 13:00 gab. pedagoga A</strong></p></td></tr><tr><td width="293"><p><strong>Urawska Anna</strong></p></td><td width="340"><p><strong>Czwartek godz.14:00-15:00 sala 3A</strong></p></td></tr><tr><td width="293"><p><strong>Waszczeniuk – Sroka Magdalena </strong></p></td><td width="340"><p><strong>Wtorek 8:00-9:00 sala 12B</strong></p></td></tr><tr><td width="293"><p><strong>Wieczorek Dorota </strong></p></td><td width="340"><p><strong>Poniedziałek 8:00-8:30 biblioteka</strong></p></td></tr><tr><td width="293"><p><strong>Ks. Yevhen Havrylyshyn </strong></p></td><td width="340"><p><strong> Piątek 14:35- 15:05 pok. naucz. A</strong></p></td></tr></tbody></table><p>PROŚBA- PROSZĘ O WCZEŚNIEJSZE UMAWIANIE SIĘ Z NAUCZYCIELEM (np. PRZEZ SEKRETARIAT, DZIENNIK)- NAUCZYCIEL W DNIU KONSULTACJI MOŻE BYĆ NIEOBECNY W PRACY LUB WYKONYWAĆ INNE ZADANIA (NP. ZASTĘPSTWO).</p><p>Zostanie wtedy ustalony inny termin konsultacji </p>								</div>
				</div>
					</div>
				</div>
				</div>

<p>GODZINY KONSULTACJI NAUCZYCIELI W ROKU SZKOLNYM 2024/2025  Imię i nazwisko nauczyciela  Termin konsultacji ( dzień/godz./sala)  Turczyn Bożena Poniedziałek 9:00- 10:00 Andrejuk Klufas Anna Środa 11:00-12:00 świetlica Chojecka Iwona Środa 13:00-14:00-sala OP Czaplińska Jolanta  Poniedziałek od 14:00- 15:00- sala 10 B Dworak Stanisław  Środa 9:00- 9:55 sala gimn. Edyta Kanclerz Szulc   Wtorek 10:10- 10:40 pok.naucz. A Gacka  Anna Środa 14:35- 15:35 sala 10 A Kaniecka- Białkowska Lucyna  Wtorek 12:00- 13:00 sala 8 A Karczewska Ewa  Wtorek 9:00- 9:55 sala 5 A Kiebało Marek  Środa 13:45- 14:45 sala. gimn. Ks. Nurczyk Robert Piątek 9:10- 9:40 pok.naucz. A Ozimkowska  Justyna Środa 13:00-14:00  PP Ks. Roszyński Paweł  Wtorek 9:30- 10:00 sala gimn. Rubacha Bożena Poniedziałek 13:00- 14:00 sala 9 A Rutkowska Anna Środa 10:00- 10:55 sala 9 B Sidor Agnieszka Środa 13:45- 14:5 sala 2 A Trzebińska Joanna Czwartek 12:00- 13:00 gab. pedagoga A Urawska Anna Czwartek godz.14:00-15:00 sala 3A Waszczeniuk – Sroka Magdalena  Wtorek 8:00-9:00 sala 12B Wieczorek Dorota  Poniedziałek 8:00-8:30 biblioteka Ks. Yevhen Havrylyshyn  Piątek 14:35- 15:05 pok. naucz. A PROŚBA- PROSZĘ O WCZEŚNIEJSZE UMAWIANIE SIĘ Z NAUCZYCIELEM (np. PRZEZ SEKRETARIAT, DZIENNIK)- NAUCZYCIEL W DNIU KONSULTACJI MOŻE BYĆ NIEOBECNY W PRACY LUB WYKONYWAĆ INNE ZADANIA (NP. ZASTĘPSTWO). Zostanie wtedy ustalony inny termin konsultacji </p>
