{"id":350,"date":"2024-12-11T19:48:08","date_gmt":"2024-12-11T18:48:08","guid":{"rendered":"https:\/\/splelkowo.pl\/wordpress\/?page_id=350"},"modified":"2025-11-14T21:59:50","modified_gmt":"2025-11-14T20:59:50","slug":"historia-2","status":"publish","type":"page","link":"https:\/\/splelkowo.pl\/wordpress\/historia-2\/","title":{"rendered":"Historia"},"content":{"rendered":"<p style=\"text-align: center;\"><strong>HISTORIA<\/strong><\/p>\n<p>Pierwsi osadnicy przybyli do miejscowo\u015bci Szczepkowo w grudniu 1945 roku. Jedn\u0105 z pierwszych decyzji wybranego w\u00f3jta i Zarz\u0105du Gminnego by\u0142o utworzenie plac\u00f3wki o\u015bwiatowej.<\/p>\n<p>3 marca 1946 roku zorganizowana zosta\u0142a Publiczna Szko\u0142a Powszechna w Szczepkowie, do kt\u00f3rej ucz\u0119szcza\u0142o 12 dzieci. Pierwsz\u0105 nauczycielk\u0105 by\u0142a pani Leokadia \u0141osiewicz, kt\u00f3ra zosta\u0142a tak\u017ce pierwszym dyrektorem szko\u0142y.<\/p>\n<p>W roku 1947 liczba dzieci wzros\u0142a do 132. Do pracy przyj\u0119to tak\u017ce drug\u0105 nauczycielk\u0119 &#8211; by\u0142a to pani Zofia Pogonowska. Dla uczni\u00f3w z odleg\u0142ych miejscowo\u015bci zorganizowano internat, w kt\u00f3rym mieszka\u0142o 50 os\u00f3b. <strong>W tym te\u017c roku zmieniono nazw\u0119 miejscowo\u015bci ze Szczepkowa na Lelkowo.<\/strong><\/p>\n<p>W roku szkolnym 1948\/49 przyby\u0142 nowy nauczyciel, pan Jan Turka. Wzros\u0142a te\u017c liczba uczni\u00f3w &#8211; by\u0142o ich ju\u017c 180. W tym te\u017c roku uczniowie mogli ju\u017c rozpocz\u0105\u0107 zaj\u0119cia sportowe na w\u0142asnym boisku, kt\u00f3rego szko\u0142a dotychczas nie posiada\u0142a. Na boisko wygospodarowano plac obok budynku szkolnego. Stopniowo w szkole zwi\u0119ksza\u0142a si\u0119 liczba uczni\u00f3w i kadry pedagogicznej.<\/p>\n<p>W roku szkolnym 1951\/52 na zaj\u0119cia ucz\u0119szcza\u0142o 135 uczni\u00f3w, pracowa\u0142o 4 nauczycieli, a uczono w 7 klasach. W roku 1952 nast\u0105pi\u0142a zmiana na stanowisku kierowniczym. Nowym dyrektorem zosta\u0142 pan Edmund Pogonowski.<\/p>\n<p>W 1957 roku w szkole po raz pierwszy zab\u0142ys\u0142o \u015bwiat\u0142o elektryczne. Dzi\u0119ki staraniom dyrektora szko\u0142a zosta\u0142a zradiofonizowana. W kronice szkolnej odnotowano fakt, i\u017c w listopadzie za\u0142o\u017cono w szkole centralne ogrzewanie. Na pocz\u0105tku tego roku szkolnego powo\u0142ano do \u017cycia Zwi\u0105zek Harcerstwa Polskiego im. Emilii Plater. W roku szkolnym 1959\/60 do szko\u0142y ucz\u0119szcza\u0142o ju\u017c 182 uczni\u00f3w, a wiedz\u0119 przekazywa\u0142o im 6 nauczycieli. W czerwcu 1968 roku szko\u0142\u0119 opu\u015bcili pierwsi absolwenci klasy VIII. W styczniu 1982 roku nowym dyrektorem szko\u0142y zosta\u0142 pan Kazimierz Browarski, a we wrze\u015bniu 1984 roku pan Leon Mazurko.<\/p>\n<p>15 wrze\u015bnia 1991 roku wmurowano kamie\u0144 w\u0119gielny pod now\u0105 szko\u0142\u0119. Budowa trwa\u0142a 2 lata. Lekcje w nowym budynku rozpocz\u0119to <strong>1 wrze\u015bnia 1993 roku<\/strong>.<\/p>\n<p>6 wrze\u015bnia 1997 roku oddano do u\u017cytku now\u0105 sal\u0119 gimnastyczn\u0105, kt\u00f3r\u0105 wybudowano obok szko\u0142y spajaj\u0105c oba gmachy \u0142\u0105cznikiem.<\/p>\n<p>Od 1996 roku dyrektorem szko\u0142y jest pani Alina Ma\u0144kut. 1 wrze\u015bnia 1999 roku uchwa\u0142\u0105 Rady Gminy w Lelkowie rozpocz\u0105\u0142 dzia\u0142alno\u015b\u0107 Zesp\u00f3\u0142 Szk\u00f3\u0142 w Lelkowie. Powsta\u0142 on z po\u0142\u0105czenia SP w G\u0142\u0119bocku, SP w Lelkowie oraz Gimnazjum, kt\u00f3re powsta\u0142o z dniem pierwszego wrze\u015bnia tego roku.<\/p>\n<p>Dnia 30.08.2003 roku nast\u0105pi\u0142o uroczyste otwarcie nowego budynku gimnazjum, kt\u00f3remu nadano sztandar i imi\u0119 Or\u0142a Bia\u0142ego. Od dnia 01.09.2003 roku funkcj\u0119 dyrektora pe\u0142ni\u0142a Pani Iwona Chojecka.<br \/>\n15 czerwca 2022r. to wa\u017cna data nie tylko w \u017cyciu szko\u0142y, ale i ca\u0142ej gminy. Od tego dnia Szko\u0142a Podstawowa w Lelkowie nosi imi\u0119 Or\u0142a Bia\u0142ego. Wyb\u00f3r patrona by\u0142 oczywisty, bo imi\u0119 to nosi\u0142o zlikwidowane kilka lat wstecz gimnazjum. Teraz t\u0105 tradycj\u0119 przej\u0119\u0142a szko\u0142a podstawowa. Rok ten przyni\u00f3s\u0142 r\u00f3wnie\u017c zmiany kadrowe i od 12 grudnia nowym dyrektorem plac\u00f3wki zosta\u0142a Pani Bo\u017cena Turczyn.<\/p>\n<p>01 wrze\u015bnia 2025r. to kolejne zmiany&#8230;.po reorganizacji szk\u00f3\u0142 w Gminie Lelkowo powsta\u0142a Szko\u0142a Filialna w Zagajach Szko\u0142y Podstawowej im.Orla Bia\u0142ego w Lelkowie z pi\u0119cioma oddzia\u0142ami: dwa oddzia\u0142y przedszkolne oraz\u00a0 klasy I-III. Natomiast w Szkole Podstawowej im. Or\u0142a Bia\u0142ego w Lelkowie utworzono 10 oddzia\u0142\u00f3w: dwa oddzia\u0142y przedszkolne oraz klasy I-VIII.<\/p>\n","protected":false},"excerpt":{"rendered":"<p>HISTORIA Pierwsi osadnicy przybyli do miejscowo\u015bci Szczepkowo w grudniu 1945 roku. Jedn\u0105 z pierwszych decyzji wybranego w\u00f3jta i Zarz\u0105du Gminnego by\u0142o utworzenie plac\u00f3wki o\u015bwiatowej. 3 marca 1946 roku zorganizowana zosta\u0142a Publiczna Szko\u0142a Powszechna w Szczepkowie, do kt\u00f3rej ucz\u0119szcza\u0142o 12 dzieci. Pierwsz\u0105 nauczycielk\u0105 by\u0142a pani Leokadia \u0141osiewicz, kt\u00f3ra zosta\u0142a tak\u017ce pierwszym dyrektorem szko\u0142y. W roku 1947 liczba dzieci wzros\u0142a do 132. Do pracy przyj\u0119to tak\u017ce drug\u0105 nauczycielk\u0119 &#8211; by\u0142a to pani Zofia Pogonowska. Dla uczni\u00f3w z odleg\u0142ych miejscowo\u015bci zorganizowano internat, w kt\u00f3rym mieszka\u0142o 50 os\u00f3b. W tym te\u017c roku zmieniono nazw\u0119 miejscowo\u015bci ze Szczepkowa na Lelkowo. W roku szkolnym 1948\/49 przyby\u0142 nowy nauczyciel, pan Jan Turka. Wzros\u0142a te\u017c liczba uczni\u00f3w &#8211; by\u0142o ich ju\u017c 180. W tym te\u017c roku uczniowie mogli ju\u017c rozpocz\u0105\u0107 zaj\u0119cia sportowe na w\u0142asnym boisku, kt\u00f3rego szko\u0142a dotychczas nie posiada\u0142a. Na boisko wygospodarowano plac obok budynku szkolnego. Stopniowo w szkole zwi\u0119ksza\u0142a si\u0119 liczba uczni\u00f3w i kadry pedagogicznej. W roku szkolnym 1951\/52 na zaj\u0119cia ucz\u0119szcza\u0142o 135 uczni\u00f3w, pracowa\u0142o 4 nauczycieli, a uczono w 7 klasach. W roku 1952 nast\u0105pi\u0142a zmiana na stanowisku kierowniczym. Nowym dyrektorem zosta\u0142 pan Edmund Pogonowski. W 1957 roku w szkole po raz pierwszy zab\u0142ys\u0142o \u015bwiat\u0142o elektryczne. Dzi\u0119ki staraniom dyrektora szko\u0142a zosta\u0142a zradiofonizowana. W kronice szkolnej odnotowano fakt, i\u017c w listopadzie za\u0142o\u017cono w szkole centralne ogrzewanie. Na pocz\u0105tku tego roku szkolnego powo\u0142ano do \u017cycia Zwi\u0105zek Harcerstwa Polskiego im. Emilii Plater. W roku szkolnym 1959\/60 do szko\u0142y ucz\u0119szcza\u0142o ju\u017c 182 uczni\u00f3w, a wiedz\u0119 przekazywa\u0142o im 6 nauczycieli. W czerwcu 1968 roku szko\u0142\u0119 opu\u015bcili pierwsi absolwenci klasy VIII. W styczniu 1982 roku nowym dyrektorem szko\u0142y zosta\u0142 pan Kazimierz Browarski, a we wrze\u015bniu 1984 roku pan Leon Mazurko. 15 wrze\u015bnia 1991 roku wmurowano kamie\u0144 w\u0119gielny pod now\u0105 szko\u0142\u0119. Budowa trwa\u0142a 2 lata. Lekcje w nowym budynku rozpocz\u0119to 1 wrze\u015bnia 1993 roku. 6 wrze\u015bnia 1997 roku oddano do u\u017cytku now\u0105 sal\u0119 gimnastyczn\u0105, kt\u00f3r\u0105 wybudowano obok szko\u0142y spajaj\u0105c oba gmachy \u0142\u0105cznikiem. Od 1996 roku dyrektorem szko\u0142y jest pani Alina Ma\u0144kut. 1 wrze\u015bnia 1999 roku uchwa\u0142\u0105 Rady Gminy w Lelkowie rozpocz\u0105\u0142 dzia\u0142alno\u015b\u0107 Zesp\u00f3\u0142 Szk\u00f3\u0142 w Lelkowie. Powsta\u0142 on z po\u0142\u0105czenia SP w G\u0142\u0119bocku, SP w Lelkowie oraz Gimnazjum, kt\u00f3re powsta\u0142o z dniem pierwszego wrze\u015bnia tego roku. Dnia 30.08.2003 roku nast\u0105pi\u0142o uroczyste otwarcie nowego budynku gimnazjum, kt\u00f3remu nadano sztandar i imi\u0119 Or\u0142a Bia\u0142ego. Od dnia 01.09.2003 roku funkcj\u0119 dyrektora pe\u0142ni\u0142a Pani Iwona Chojecka. 15 czerwca 2022r. to wa\u017cna data nie tylko w \u017cyciu szko\u0142y, ale i ca\u0142ej gminy. Od tego dnia Szko\u0142a Podstawowa w Lelkowie nosi imi\u0119 Or\u0142a Bia\u0142ego. Wyb\u00f3r patrona by\u0142 oczywisty, bo imi\u0119 to nosi\u0142o zlikwidowane kilka lat wstecz gimnazjum. Teraz t\u0105 tradycj\u0119 przej\u0119\u0142a szko\u0142a podstawowa. Rok ten przyni\u00f3s\u0142 r\u00f3wnie\u017c zmiany kadrowe i od 12 grudnia nowym dyrektorem plac\u00f3wki zosta\u0142a Pani Bo\u017cena Turczyn. 01 wrze\u015bnia 2025r. to kolejne zmiany&#8230;.po reorganizacji szk\u00f3\u0142 w Gminie Lelkowo powsta\u0142a Szko\u0142a Filialna w Zagajach Szko\u0142y Podstawowej im.Orla Bia\u0142ego w Lelkowie z pi\u0119cioma oddzia\u0142ami: dwa oddzia\u0142y przedszkolne oraz\u00a0 klasy I-III. Natomiast w Szkole Podstawowej im. Or\u0142a Bia\u0142ego w Lelkowie utworzono 10 oddzia\u0142\u00f3w: dwa oddzia\u0142y przedszkolne oraz klasy I-VIII.<\/p>\n","protected":false},"author":1,"featured_media":0,"parent":0,"menu_order":0,"comment_status":"closed","ping_status":"closed","template":"","meta":{"site-sidebar-layout":"default","site-content-layout":"","ast-site-content-layout":"default","site-content-style":"default","site-sidebar-style":"default","ast-global-header-display":"","ast-banner-title-visibility":"","ast-main-header-display":"","ast-hfb-above-header-display":"","ast-hfb-below-header-display":"","ast-hfb-mobile-header-display":"","site-post-title":"","ast-breadcrumbs-content":"","ast-featured-img":"","footer-sml-layout":"","ast-disable-related-posts":"","theme-transparent-header-meta":"default","adv-header-id-meta":"","stick-header-meta":"","header-above-stick-meta":"","header-main-stick-meta":"","header-below-stick-meta":"","astra-migrate-meta-layouts":"set","ast-page-background-enabled":"default","ast-page-background-meta":{"desktop":{"background-color":"var(--ast-global-color-4)","background-image":"","background-repeat":"repeat","background-position":"center center","background-size":"auto","background-attachment":"scroll","background-type":"","background-media":"","overlay-type":"","overlay-color":"","overlay-opacity":"","overlay-gradient":""},"tablet":{"background-color":"","background-image":"","background-repeat":"repeat","background-position":"center center","background-size":"auto","background-attachment":"scroll","background-type":"","background-media":"","overlay-type":"","overlay-color":"","overlay-opacity":"","overlay-gradient":""},"mobile":{"background-color":"","background-image":"","background-repeat":"repeat","background-position":"center center","background-size":"auto","background-attachment":"scroll","background-type":"","background-media":"","overlay-type":"","overlay-color":"","overlay-opacity":"","overlay-gradient":""}},"ast-content-background-meta":{"desktop":{"background-color":"var(--ast-global-color-5)","background-image":"","background-repeat":"repeat","background-position":"center center","background-size":"auto","background-attachment":"scroll","background-type":"","background-media":"","overlay-type":"","overlay-color":"","overlay-opacity":"","overlay-gradient":""},"tablet":{"background-color":"var(--ast-global-color-5)","background-image":"","background-repeat":"repeat","background-position":"center center","background-size":"auto","background-attachment":"scroll","background-type":"","background-media":"","overlay-type":"","overlay-color":"","overlay-opacity":"","overlay-gradient":""},"mobile":{"background-color":"var(--ast-global-color-5)","background-image":"","background-repeat":"repeat","background-position":"center center","background-size":"auto","background-attachment":"scroll","background-type":"","background-media":"","overlay-type":"","overlay-color":"","overlay-opacity":"","overlay-gradient":""}},"footnotes":""},"class_list":["post-350","page","type-page","status-publish","hentry"],"_links":{"self":[{"href":"https:\/\/splelkowo.pl\/wordpress\/wp-json\/wp\/v2\/pages\/350","targetHints":{"allow":["GET"]}}],"collection":[{"href":"https:\/\/splelkowo.pl\/wordpress\/wp-json\/wp\/v2\/pages"}],"about":[{"href":"https:\/\/splelkowo.pl\/wordpress\/wp-json\/wp\/v2\/types\/page"}],"author":[{"embeddable":true,"href":"https:\/\/splelkowo.pl\/wordpress\/wp-json\/wp\/v2\/users\/1"}],"replies":[{"embeddable":true,"href":"https:\/\/splelkowo.pl\/wordpress\/wp-json\/wp\/v2\/comments?post=350"}],"version-history":[{"count":4,"href":"https:\/\/splelkowo.pl\/wordpress\/wp-json\/wp\/v2\/pages\/350\/revisions"}],"predecessor-version":[{"id":1720,"href":"https:\/\/splelkowo.pl\/wordpress\/wp-json\/wp\/v2\/pages\/350\/revisions\/1720"}],"wp:attachment":[{"href":"https:\/\/splelkowo.pl\/wordpress\/wp-json\/wp\/v2\/media?parent=350"}],"curies":[{"name":"wp","href":"https:\/\/api.w.org\/{rel}","templated":true}]}}

<p style="text-align: center;"><strong>HISTORIA</strong></p>
<p>Pierwsi osadnicy przybyli do miejscowości Szczepkowo w grudniu 1945 roku. Jedną z pierwszych decyzji wybranego wójta i Zarządu Gminnego było utworzenie placówki oświatowej.</p>
<p>3 marca 1946 roku zorganizowana została Publiczna Szkoła Powszechna w Szczepkowie, do której uczęszczało 12 dzieci. Pierwszą nauczycielką była pani Leokadia Łosiewicz, która została także pierwszym dyrektorem szkoły.</p>
<p>W roku 1947 liczba dzieci wzrosła do 132. Do pracy przyjęto także drugą nauczycielkę &#8211; była to pani Zofia Pogonowska. Dla uczniów z odległych miejscowości zorganizowano internat, w którym mieszkało 50 osób. <strong>W tym też roku zmieniono nazwę miejscowości ze Szczepkowa na Lelkowo.</strong></p>
<p>W roku szkolnym 1948/49 przybył nowy nauczyciel, pan Jan Turka. Wzrosła też liczba uczniów &#8211; było ich już 180. W tym też roku uczniowie mogli już rozpocząć zajęcia sportowe na własnym boisku, którego szkoła dotychczas nie posiadała. Na boisko wygospodarowano plac obok budynku szkolnego. Stopniowo w szkole zwiększała się liczba uczniów i kadry pedagogicznej.</p>
<p>W roku szkolnym 1951/52 na zajęcia uczęszczało 135 uczniów, pracowało 4 nauczycieli, a uczono w 7 klasach. W roku 1952 nastąpiła zmiana na stanowisku kierowniczym. Nowym dyrektorem został pan Edmund Pogonowski.</p>
<p>W 1957 roku w szkole po raz pierwszy zabłysło światło elektryczne. Dzięki staraniom dyrektora szkoła została zradiofonizowana. W kronice szkolnej odnotowano fakt, iż w listopadzie założono w szkole centralne ogrzewanie. Na początku tego roku szkolnego powołano do życia Związek Harcerstwa Polskiego im. Emilii Plater. W roku szkolnym 1959/60 do szkoły uczęszczało już 182 uczniów, a wiedzę przekazywało im 6 nauczycieli. W czerwcu 1968 roku szkołę opuścili pierwsi absolwenci klasy VIII. W styczniu 1982 roku nowym dyrektorem szkoły został pan Kazimierz Browarski, a we wrześniu 1984 roku pan Leon Mazurko.</p>
<p>15 września 1991 roku wmurowano kamień węgielny pod nową szkołę. Budowa trwała 2 lata. Lekcje w nowym budynku rozpoczęto <strong>1 września 1993 roku</strong>.</p>
<p>6 września 1997 roku oddano do użytku nową salę gimnastyczną, którą wybudowano obok szkoły spajając oba gmachy łącznikiem.</p>
<p>Od 1996 roku dyrektorem szkoły jest pani Alina Mańkut. 1 września 1999 roku uchwałą Rady Gminy w Lelkowie rozpoczął działalność Zespół Szkół w Lelkowie. Powstał on z połączenia SP w Głębocku, SP w Lelkowie oraz Gimnazjum, które powstało z dniem pierwszego września tego roku.</p>
<p>Dnia 30.08.2003 roku nastąpiło uroczyste otwarcie nowego budynku gimnazjum, któremu nadano sztandar i imię Orła Białego. Od dnia 01.09.2003 roku funkcję dyrektora pełniła Pani Iwona Chojecka.<br />
15 czerwca 2022r. to ważna data nie tylko w życiu szkoły, ale i całej gminy. Od tego dnia Szkoła Podstawowa w Lelkowie nosi imię Orła Białego. Wybór patrona był oczywisty, bo imię to nosiło zlikwidowane kilka lat wstecz gimnazjum. Teraz tą tradycję przejęła szkoła podstawowa. Rok ten przyniósł również zmiany kadrowe i od 12 grudnia nowym dyrektorem placówki została Pani Bożena Turczyn.</p>
<p>01 września 2025r. to kolejne zmiany&#8230;.po reorganizacji szkół w Gminie Lelkowo powstała Szkoła Filialna w Zagajach Szkoły Podstawowej im.Orla Białego w Lelkowie z pięcioma oddziałami: dwa oddziały przedszkolne oraz  klasy I-III. Natomiast w Szkole Podstawowej im. Orła Białego w Lelkowie utworzono 10 oddziałów: dwa oddziały przedszkolne oraz klasy I-VIII.</p>

<p>HISTORIA Pierwsi osadnicy przybyli do miejscowości Szczepkowo w grudniu 1945 roku. Jedną z pierwszych decyzji wybranego wójta i Zarządu Gminnego było utworzenie placówki oświatowej. 3 marca 1946 roku zorganizowana została Publiczna Szkoła Powszechna w Szczepkowie, do której uczęszczało 12 dzieci. Pierwszą nauczycielką była pani Leokadia Łosiewicz, która została także pierwszym dyrektorem szkoły. W roku 1947 liczba dzieci wzrosła do 132. Do pracy przyjęto także drugą nauczycielkę &#8211; była to pani Zofia Pogonowska. Dla uczniów z odległych miejscowości zorganizowano internat, w którym mieszkało 50 osób. W tym też roku zmieniono nazwę miejscowości ze Szczepkowa na Lelkowo. W roku szkolnym 1948/49 przybył nowy nauczyciel, pan Jan Turka. Wzrosła też liczba uczniów &#8211; było ich już 180. W tym też roku uczniowie mogli już rozpocząć zajęcia sportowe na własnym boisku, którego szkoła dotychczas nie posiadała. Na boisko wygospodarowano plac obok budynku szkolnego. Stopniowo w szkole zwiększała się liczba uczniów i kadry pedagogicznej. W roku szkolnym 1951/52 na zajęcia uczęszczało 135 uczniów, pracowało 4 nauczycieli, a uczono w 7 klasach. W roku 1952 nastąpiła zmiana na stanowisku kierowniczym. Nowym dyrektorem został pan Edmund Pogonowski. W 1957 roku w szkole po raz pierwszy zabłysło światło elektryczne. Dzięki staraniom dyrektora szkoła została zradiofonizowana. W kronice szkolnej odnotowano fakt, iż w listopadzie założono w szkole centralne ogrzewanie. Na początku tego roku szkolnego powołano do życia Związek Harcerstwa Polskiego im. Emilii Plater. W roku szkolnym 1959/60 do szkoły uczęszczało już 182 uczniów, a wiedzę przekazywało im 6 nauczycieli. W czerwcu 1968 roku szkołę opuścili pierwsi absolwenci klasy VIII. W styczniu 1982 roku nowym dyrektorem szkoły został pan Kazimierz Browarski, a we wrześniu 1984 roku pan Leon Mazurko. 15 września 1991 roku wmurowano kamień węgielny pod nową szkołę. Budowa trwała 2 lata. Lekcje w nowym budynku rozpoczęto 1 września 1993 roku. 6 września 1997 roku oddano do użytku nową salę gimnastyczną, którą wybudowano obok szkoły spajając oba gmachy łącznikiem. Od 1996 roku dyrektorem szkoły jest pani Alina Mańkut. 1 września 1999 roku uchwałą Rady Gminy w Lelkowie rozpoczął działalność Zespół Szkół w Lelkowie. Powstał on z połączenia SP w Głębocku, SP w Lelkowie oraz Gimnazjum, które powstało z dniem pierwszego września tego roku. Dnia 30.08.2003 roku nastąpiło uroczyste otwarcie nowego budynku gimnazjum, któremu nadano sztandar i imię Orła Białego. Od dnia 01.09.2003 roku funkcję dyrektora pełniła Pani Iwona Chojecka. 15 czerwca 2022r. to ważna data nie tylko w życiu szkoły, ale i całej gminy. Od tego dnia Szkoła Podstawowa w Lelkowie nosi imię Orła Białego. Wybór patrona był oczywisty, bo imię to nosiło zlikwidowane kilka lat wstecz gimnazjum. Teraz tą tradycję przejęła szkoła podstawowa. Rok ten przyniósł również zmiany kadrowe i od 12 grudnia nowym dyrektorem placówki została Pani Bożena Turczyn. 01 września 2025r. to kolejne zmiany&#8230;.po reorganizacji szkół w Gminie Lelkowo powstała Szkoła Filialna w Zagajach Szkoły Podstawowej im.Orla Białego w Lelkowie z pięcioma oddziałami: dwa oddziały przedszkolne oraz  klasy I-III. Natomiast w Szkole Podstawowej im. Orła Białego w Lelkowie utworzono 10 oddziałów: dwa oddziały przedszkolne oraz klasy I-VIII.</p>
