{"id":443,"date":"2024-12-11T20:44:49","date_gmt":"2024-12-11T19:44:49","guid":{"rendered":"https:\/\/splelkowo.pl\/wordpress\/?page_id=443"},"modified":"2024-12-11T20:46:13","modified_gmt":"2024-12-11T19:46:13","slug":"samorzad-uczniowski","status":"publish","type":"page","link":"https:\/\/splelkowo.pl\/wordpress\/samorzad-uczniowski\/","title":{"rendered":"Samorz\u0105d uczniowski"},"content":{"rendered":"\t\t<div data-elementor-type=\"wp-page\" data-elementor-id=\"443\" class=\"elementor elementor-443\">\n\t\t\t\t<div class=\"elementor-element elementor-element-10efd3e8 e-flex e-con-boxed wpr-particle-no wpr-jarallax-no wpr-parallax-no wpr-sticky-section-no wpr-equal-height-no e-con e-parent\" data-id=\"10efd3e8\" data-element_type=\"container\" data-e-type=\"container\">\n\t\t\t\t\t<div class=\"e-con-inner\">\n\t\t\t\t<div class=\"elementor-element elementor-element-69f0692c elementor-widget elementor-widget-text-editor\" data-id=\"69f0692c\" data-element_type=\"widget\" data-e-type=\"widget\" data-widget_type=\"text-editor.default\">\n\t\t\t\t<div class=\"elementor-widget-container\">\n\t\t\t\t\t\t\t\t\t<p style=\"text-align: left;\"><strong>Opiekun Samorz\u0105du Uczniowskiego<\/strong>: Anna Andrejuk-Klufas<\/p><p style=\"text-align: left;\"><strong>Rada Samorz\u0105du Uczniowskiego<\/strong>:<br \/>Panas Vanessa-przewodnicz\u0105ca<br \/>Koziej Hanna- zast\u0119pca przewodnicz\u0105cej<br \/>Urawska Ma\u0142gorzata- sekretarz<br \/>Urawska Ma\u0142gorzata- skarbnik<\/p><p style=\"text-align: left;\"><strong>Poczet flagowy:<\/strong><\/p><p style=\"text-align: left;\">Sroka Agata, Hamada Lena, Lipka Kacper<\/p><p style=\"text-align: left;\"><strong>Poczet sztandarowy:<\/strong><\/p><p style=\"text-align: left;\">Pi\u0142at Maja, \u0141osiewicz Milena, Kanclerz Olaf<\/p><p style=\"text-align: left;\"><strong>Sekcja nag\u0142o\u015bnieniowa:<\/strong><\/p><p style=\"text-align: left;\">Ozimkowski Cezary, Pieczy\u0144ski Tomasz<\/p>\t\t\t\t\t\t\t\t<\/div>\n\t\t\t\t<\/div>\n\t\t\t\t\t<\/div>\n\t\t\t\t<\/div>\n\t\t\t\t<\/div>\n\t\t","protected":false},"excerpt":{"rendered":"<p>Opiekun Samorz\u0105du Uczniowskiego: Anna Andrejuk-Klufas Rada Samorz\u0105du Uczniowskiego:Panas Vanessa-przewodnicz\u0105caKoziej Hanna- zast\u0119pca przewodnicz\u0105cejUrawska Ma\u0142gorzata- sekretarzUrawska Ma\u0142gorzata- skarbnik Poczet flagowy: Sroka Agata, Hamada Lena, Lipka Kacper Poczet sztandarowy: Pi\u0142at Maja, \u0141osiewicz Milena, Kanclerz Olaf Sekcja nag\u0142o\u015bnieniowa: Ozimkowski Cezary, Pieczy\u0144ski Tomasz<\/p>\n","protected":false},"author":1,"featured_media":0,"parent":0,"menu_order":0,"comment_status":"closed","ping_status":"closed","template":"","meta":{"site-sidebar-layout":"default","site-content-layout":"","ast-site-content-layout":"default","site-content-style":"default","site-sidebar-style":"default","ast-global-header-display":"","ast-banner-title-visibility":"","ast-main-header-display":"","ast-hfb-above-header-display":"","ast-hfb-below-header-display":"","ast-hfb-mobile-header-display":"","site-post-title":"","ast-breadcrumbs-content":"","ast-featured-img":"","footer-sml-layout":"","ast-disable-related-posts":"","theme-transparent-header-meta":"default","adv-header-id-meta":"","stick-header-meta":"","header-above-stick-meta":"","header-main-stick-meta":"","header-below-stick-meta":"","astra-migrate-meta-layouts":"set","ast-page-background-enabled":"default","ast-page-background-meta":{"desktop":{"background-color":"var(--ast-global-color-4)","background-image":"","background-repeat":"repeat","background-position":"center center","background-size":"auto","background-attachment":"scroll","background-type":"","background-media":"","overlay-type":"","overlay-color":"","overlay-opacity":"","overlay-gradient":""},"tablet":{"background-color":"","background-image":"","background-repeat":"repeat","background-position":"center center","background-size":"auto","background-attachment":"scroll","background-type":"","background-media":"","overlay-type":"","overlay-color":"","overlay-opacity":"","overlay-gradient":""},"mobile":{"background-color":"","background-image":"","background-repeat":"repeat","background-position":"center center","background-size":"auto","background-attachment":"scroll","background-type":"","background-media":"","overlay-type":"","overlay-color":"","overlay-opacity":"","overlay-gradient":""}},"ast-content-background-meta":{"desktop":{"background-color":"var(--ast-global-color-5)","background-image":"","background-repeat":"repeat","background-position":"center center","background-size":"auto","background-attachment":"scroll","background-type":"","background-media":"","overlay-type":"","overlay-color":"","overlay-opacity":"","overlay-gradient":""},"tablet":{"background-color":"var(--ast-global-color-5)","background-image":"","background-repeat":"repeat","background-position":"center center","background-size":"auto","background-attachment":"scroll","background-type":"","background-media":"","overlay-type":"","overlay-color":"","overlay-opacity":"","overlay-gradient":""},"mobile":{"background-color":"var(--ast-global-color-5)","background-image":"","background-repeat":"repeat","background-position":"center center","background-size":"auto","background-attachment":"scroll","background-type":"","background-media":"","overlay-type":"","overlay-color":"","overlay-opacity":"","overlay-gradient":""}},"footnotes":""},"class_list":["post-443","page","type-page","status-publish","hentry"],"_links":{"self":[{"href":"https:\/\/splelkowo.pl\/wordpress\/wp-json\/wp\/v2\/pages\/443","targetHints":{"allow":["GET"]}}],"collection":[{"href":"https:\/\/splelkowo.pl\/wordpress\/wp-json\/wp\/v2\/pages"}],"about":[{"href":"https:\/\/splelkowo.pl\/wordpress\/wp-json\/wp\/v2\/types\/page"}],"author":[{"embeddable":true,"href":"https:\/\/splelkowo.pl\/wordpress\/wp-json\/wp\/v2\/users\/1"}],"replies":[{"embeddable":true,"href":"https:\/\/splelkowo.pl\/wordpress\/wp-json\/wp\/v2\/comments?post=443"}],"version-history":[{"count":4,"href":"https:\/\/splelkowo.pl\/wordpress\/wp-json\/wp\/v2\/pages\/443\/revisions"}],"predecessor-version":[{"id":449,"href":"https:\/\/splelkowo.pl\/wordpress\/wp-json\/wp\/v2\/pages\/443\/revisions\/449"}],"wp:attachment":[{"href":"https:\/\/splelkowo.pl\/wordpress\/wp-json\/wp\/v2\/media?parent=443"}],"curies":[{"name":"wp","href":"https:\/\/api.w.org\/{rel}","templated":true}]}}

Samorząd uczniowski

<div data-elementor-type="wp-page" data-elementor-id="443" class="elementor elementor-443">
				<div class="elementor-element elementor-element-10efd3e8 e-flex e-con-boxed wpr-particle-no wpr-jarallax-no wpr-parallax-no wpr-sticky-section-no wpr-equal-height-no e-con e-parent" data-id="10efd3e8" data-element_type="container" data-e-type="container">
					<div class="e-con-inner">
				<div class="elementor-element elementor-element-69f0692c elementor-widget elementor-widget-text-editor" data-id="69f0692c" data-element_type="widget" data-e-type="widget" data-widget_type="text-editor.default">
				<div class="elementor-widget-container">
									<p style="text-align: left;"><strong>Opiekun Samorządu Uczniowskiego</strong>: Anna Andrejuk-Klufas</p><p style="text-align: left;"><strong>Rada Samorządu Uczniowskiego</strong>:<br />Panas Vanessa-przewodnicząca<br />Koziej Hanna- zastępca przewodniczącej<br />Urawska Małgorzata- sekretarz<br />Urawska Małgorzata- skarbnik</p><p style="text-align: left;"><strong>Poczet flagowy:</strong></p><p style="text-align: left;">Sroka Agata, Hamada Lena, Lipka Kacper</p><p style="text-align: left;"><strong>Poczet sztandarowy:</strong></p><p style="text-align: left;">Piłat Maja, Łosiewicz Milena, Kanclerz Olaf</p><p style="text-align: left;"><strong>Sekcja nagłośnieniowa:</strong></p><p style="text-align: left;">Ozimkowski Cezary, Pieczyński Tomasz</p>								</div>
				</div>
					</div>
				</div>
				</div>

<p>Opiekun Samorządu Uczniowskiego: Anna Andrejuk-Klufas Rada Samorządu Uczniowskiego:Panas Vanessa-przewodniczącaKoziej Hanna- zastępca przewodniczącejUrawska Małgorzata- sekretarzUrawska Małgorzata- skarbnik Poczet flagowy: Sroka Agata, Hamada Lena, Lipka Kacper Poczet sztandarowy: Piłat Maja, Łosiewicz Milena, Kanclerz Olaf Sekcja nagłośnieniowa: Ozimkowski Cezary, Pieczyński Tomasz</p>
